lse
Is 240771408 a multiple of 8?
True
Is 42 a factor of 46525755?
False
Is 423809055 a multiple of 2955?
True
Is 2044 a factor of 188772763?
False
Is 141322984 a multiple of 727?
True
Does 4 divide 45264894?
False
Is 47770059 a multiple of 1519?
False
Is 143 a factor of 686400?
True
Is 4633273748 a multiple of 61?
False
Does 72 divide 717187192?
False
Does 228 divide 1213770301?
False
Is 254933788 a multiple of 16?
False
Does 11 divide 27041627?
False
Does 21 divide 21417270?
True
Does 103 divide 5429336?
True
Is 41204140 a multiple of 710?
True
Does 22 divide 64647990?
True
Is 19 a factor of 151574913?
True
Is 13 a factor of 224127423?
True
Is 6952678 a multiple of 252?
False
Is 579 a factor of 59593575?
True
Does 1776 divide 3327776448?
True
Does 3 divide 75321867?
True
Does 380 divide 4811787240?
True
Is 3600 a factor of 49428000?
True
Does 686 divide 2138045910?
True
Is 217 a factor of 108072611?
False
Is 188811116 a multiple of 52?
True
Is 1950 a factor of 26046150?
True
Is 482315432 a multiple of 1543?
False
Is 437 a factor of 902831512?
True
Does 229 divide 22737410?
True
Is 9 a factor of 281285217?
True
Is 56995755 a multiple of 24?
False
Is 813 a factor of 36900444?
True
Is 52542117 a multiple of 279?
True
Does 405 divide 9532890?
True
Is 21 a factor of 24128169?
False
Is 302445200 a multiple of 200?
True
Is 399 a factor of 935147871?
True
Is 12 a factor of 80652577?
False
Is 4 a factor of 554169?
False
Is 2 a factor of 29420421?
False
Is 2007 a factor of 307125189?
True
Is 4222562 a multiple of 82?
False
Is 1632 a factor of 89088621?
False
Is 29 a factor of 65692217?
False
Is 104 a factor of 37515981?
False
Does 3870 divide 4145252711?
False
Is 90 a factor of 339648210?
True
Does 6497 divide 286485215?
True
Is 161789054 a multiple of 35?
False
Does 183 divide 57722409?
True
Is 106 a factor of 454988?
False
Is 2515 a factor of 943441833?
False
Does 684 divide 50846508?
True
Is 98177800 a multiple of 1610?
True
Does 637 divide 42500395?
False
Does 35 divide 372341830?
True
Is 8763621 a multiple of 6?
False
Is 162296849 a multiple of 98?
False
Is 9776476 a multiple of 6?
False
Does 669 divide 28053177?
True
Is 1355 a factor of 198988629?
False
Is 5121107 a multiple of 709?
True
Does 98 divide 651339245?
False
Does 47 divide 160878339?
False
Does 404 divide 1073874192?
False
Does 217 divide 41554849?
True
Does 2716 divide 15497613?
False
Does 143 divide 104622383?
False
Is 18 a factor of 46582394?
False
Is 27107600 a multiple of 200?
True
Is 1974527 a multiple of 9?
False
Is 4 a factor of 402405988?
True
Is 419249280 a multiple of 40?
True
Does 3 divide 430830827?
False
Is 5393960 a multiple of 220?
True
Does 11 divide 20151197?
True
Is 182 a factor of 5687136?
True
Is 2381 a factor of 445594626?
True
Is 24 a factor of 18582840?
True
Is 730 a factor of 16931033?
False
Is 192 a factor of 45238391?
False
Does 158 divide 53940568?
True
Does 646 divide 9970202?
False
Is 202576812 a multiple of 886?
True
Is 20 a factor of 302271462?
False
Is 353244035 a multiple of 715?
False
Is 540593110 a multiple of 34?
False
Is 720384074 a multiple of 2664?
False
Is 48 a factor of 99841200?
True
Does 1997 divide 22128757?
True
Is 62 a factor of 1430679618?
False
Does 46 divide 72923469?
False
Is 31 a factor of 12369597?
False
Is 11 a factor of 1899158650?
False
Is 14 a factor of 43538798?
False
Does 2 divide 10814620?
True
Does 366 divide 183111264?
True
Does 33 divide 7866309?
True
Does 499 divide 553872716?
False
Does 22 divide 139740392?
True
Is 92171704 a multiple of 16?
False
Is 3712550 a multiple of 25?
True
Does 835 divide 5675265?
False
Does 13 divide 38360608?
True
Does 129 divide 352189995?
True
Is 37 a factor of 998967051?
False
Does 44 divide 10785148?
True
Is 397 a factor of 223694414?
True
Is 319 a factor of 139164086?
False
Is 4983 a factor of 1594370646?
True
Does 3746 divide 87385413?
False
Is 1353429 a multiple of 147?
True
Does 36 divide 18910419?
False
Is 10 a factor of 2660550?
True
Does 34 divide 83071499?
False
Is 1946 a factor of 75837566?
True
Is 1205 a factor of 28502411?
False
Is 1999684 a multiple of 326?
True
Is 1712273550 a multiple of 78?
True
Is 154739952 a multiple of 304?
True
Is 1714924401 a multiple of 83?
False
Does 3052 divide 23994824?
True
Does 34 divide 40612211?
False
Does 4 divide 189729948?
True
Is 3 a factor of 49798087?
False
Is 13 a factor of 93691403?
True
Is 4 a factor of 49602633?
False
Is 2272131 a multiple of 81?
True
Is 31 a factor of 699430345?
False
Is 22 a factor of 400967067?
False
Does 11 divide 11269592?
False
Is 630638184 a multiple of 27?
False
Is 232176176 a multiple of 220?
False
Does 4889 divide 700201814?
False
Is 17348245 a multiple of 17?
True
Does 3080 divide 256708760?
True
Is 23237340 a multiple of 42?
True
Does 12 divide 425579580?
True
Is 429 a factor of 190344483?
False
Is 79133440 a multiple of 20?
True
Is 702405450 a multiple of 15?
True
Does 1627 divide 12671290?
False
Does 7 divide 565488594?
False
Is 3557 a factor of 408448638?
False
Is 24674480 a multiple of 10?
True
Does 177 divide 63419808?
True
Does 1076 divide 23414282?
False
Is 40654718 a multiple of 3502?
True
Is 25 a factor of 64620714?
False
Is 30657310 a multiple of 400?
False
Is 3947350744 a multiple of 4008?
False
Is 4286 a factor of 1614265656?
False
Is 925690053 a multiple of 67?
False
Is 2663262789 a multiple of 63?
False
Is 28887374 a multiple of 1198?
True
Is 1561032 a multiple of 972?
True
Is 287 a factor of 38837701?
True
Is 64138749 a multiple of 320?
False
Does 1107 divide 453915387?
True
Does 20 divide 216558400?
True
Is 1460452 a multiple of 25?
False
Is 656378960 a multiple of 150?
False
Is 3662 a factor of 64650534?
False
Is 157 a factor of 1704523409?
True
Is 5925379339 a multiple of 3317?
True
Does 806 divide 7210476?
True
Does 1059 divide 50988682?
False
Is 78 a factor of 469806645?
False
Is 2363959 a multiple of 53?
True
Is 35 a factor of 987314103?
False
Does 1515 divide 291535995?
True
Does 290 divide 35237900?
True
Does 5876 divide 183097848?
False
Is 112850845 a multiple of 17?
True
Does 10 divide 4286586873?
False
Is 44733215 a multiple of 1205?
True
Is 60 a factor of 1218278400?
True
Is 1228104225 a multiple of 765?
True
Is 15 a factor of 302513839?
False
Is 15 a factor of 54432864?
False
Does 6 divide 111780881?
False
Does 1789 divide 201829613?
True
Is 428 a factor of 129552176?
True
Does 140 divide 67469681?
False
Does 73 divide 3403844?
True
Is 18 a factor of 5233275383?
False
Is 963 a factor of 8980938?
True
Is 14 a factor of 197435171?
False
Is 245314656 a multiple of 1136?
True
Is 13 a factor of 6161921?
False
Is 122649085 a multiple of 186?
False
Is 359 a factor of 1111762688?
True
Is 3923957 a multiple of 71?
True
Is 6 a factor of 11362183?
False
Does 7889 divide 976751693?
False
Is 61382584 a multiple of 23?
True
Is 4000 a factor of 96928000?
True
Is 3714976764 a multiple of 12339?
True
Is 408 a factor of 126418125?
False
Is 13317654 a multiple of 7?
True
Is 19 a factor of 176179362?
True
Does 22 divide 138528764?
True
Does 5810 divide 1660234980?
False
Does 31 divide 226898623?
False
Is 289593165 a multiple of 1127?
False
Is 9 a factor of 543522541?
False
Is 35 a factor of 1845275810?
True
Is 10 a factor of 22714858?
False
Does 22 divide 84760522?
True
Is 229 a factor of 17769259?
False
Does 120 divide 94497820?
False
Is 201237904 a multiple of 566?
True
Is 6 a factor of 14116146?
True
Is 2289165360 a multiple of 7653?
True
Is 23426033 a multiple of 1113?
False
Is 22297856 a multiple of 736?
True
Does 462 divide 12749814?
True
Does 258 divide 25364442?
False
Is 14 a factor of 727469?
False
Is 8539570 a multiple of 806?
True
Is 868913237 a multiple of 172?
False
Is 34 a factor of 12894254?
False
Does 1362 divide 210172583?
False
Is 24079711 a multiple of 31?
False
Is 38813604 a multiple of 17?
False
Is 177232031 even?
False
Is 27202700 a multiple of 2799?
False
Is 110790797 a multiple of 179?
True
Does 12 divide 1251773928?
True
Does 59 divide 317620354?
False
Is 1771900 a multiple of 50?
True
Is 259745935 a multiple of 3011?
False
Is 88370673 a multiple of 2775?
False
Does 925 divide 29063500?
True
Does 13 divide 26381119?
False
Is 662 a factor of 244195182?
False
Is 937 a fact